st common divisor of 44 and o.
4
Let a = -238 - -166. Let p = 151 + a. Let u = p - -41. Calculate the highest common factor of 15 and u.
15
Let t be 0 - (-3)/(1 - 4). Let i = 3 + t. Let n be (-2)/5 + 32/5. What is the greatest common divisor of i and n?
2
Let u(k) = 3*k**2 + 4. Let l be u(2). Calculate the highest common factor of 4 and l.
4
Suppose w + 3 = -u, -5*u - 2*w + 0*w = 0. Suppose 2*l = -3*x + 14, -3*x = -u*l + 10 + 4. What is the highest common factor of 1 and l?
1
Let h(a) = a**2 + 5*a + 5. Let r be h(-5). Let k(y) = -7*y - 36. Let d be k(-13). Calculate the greatest common factor of r and d.
5
Let c(u) = 5*u + 2. Let d(b) = -b**3 - 2*b**2 + 5*b**2 + 3 - 1 + 4*b. Let f be d(4). Let h be c(f). What is the greatest common divisor of h and 3?
3
Let q be -2 + 2 - 2 - -14. Let w = -6 - -5. Let m be 85 + w + 0/2. What is the greatest common factor of q and m?
12
Suppose 38 = s + 3*p, 4*p + 144 = 3*s + 17. What is the greatest common factor of 369 and s?
41
Let m = 4 + -5. Let l be (-3)/((-3)/m)*-5. Suppose -l*r + 380 = 4*f, 4*r = f - 4*f + 303. What is the greatest common factor of r and 9?
9
Let k(t) = -t + 8. Let w be k(4). What is the greatest common factor of w and 8?
4
Let c(m) = m**3 - 8*m + 3. Let v be c(5). Let w(f) = -f**3 - 6*f**2 + f - 20. Let x be w(-7). What is the highest common factor of v and x?
22
Suppose 2*o + 9*x = 4*x + 52, -8 = -4*x. Calculate the greatest common divisor of o and 7.
7
Let v = -677 - -972. Suppose 5*g = -i + v, 100 = 3*g - 5*i - 105. Suppose 107 + 13 = 10*r. Calculate the greatest common divisor of r and g.
12
Suppose 3*u = -2*i + 3, -2*i + 4*u = u - 33. What is the greatest common factor of 81 and i?
9
Let x = 87 + -69. What is the highest common factor of x and 3?
3
Let v be (1/(-2))/(2/(-4)). Let d = 14 + -5. Calculate the greatest common divisor of v and d.
1
Suppose 5 = 5*d - 0. Let f(c) = 3*c - 4. Let x be f(5). What is the greatest common factor of x and d?
1
Suppose 0 = y + 3 - 4. Let m(o) be the third derivative of 5*o**4/24 + o**3/6 + 2*o**2. Let x be m(y). Calculate the highest common divisor of 66 and x.
6
Let h be (17 - 2)/((-4)/(-4)). Suppose 3*u - 2*v = h, u - 3*v - 11 - 1 = 0. Calculate the greatest common divisor of u and 6.
3
Let g(j) = 4*j**2 - 2*j - 5. Let q be g(2). Calculate the highest common factor of q and 2.
1
Suppose u - 8 = -u. Suppose -5*q = -5*c - 50, -u*c = -2*q + c + 35. What is the greatest common factor of 45 and q?
5
Suppose -4*u + 32 = 4*u. Calculate the highest common factor of 10 and u.
2
Let c = 39 + -78. Let d = c - -55. What is the highest common factor of 144 and d?
16
Suppose 0 = 4*s + 2*s - 504. What is the highest common divisor of s and 21?
21
Let h(s) = -s**2 + 13*s - 10. Let i be h(12). Suppose 32 + 10 = i*c. What is the greatest common divisor of c and 84?
21
Suppose 0 = -4*o + 21 + 51. Let c = o + 32. Suppose 4*j = -0*j + 40. Calculate the greatest common divisor of j and c.
10
Let x(g) = -g**3 + 10*g**2 - 4*g. Let p be x(9). Suppose -p = 3*u - 6*u. What is the highest common factor of 5 and u?
5
Let d = 100 - -44. Calculate the greatest common factor of 18 and d.
18
Let n(y) = y**3 - 3*y**2 + 2*y. Let d be n(3). Suppose -d - 9 = -3*j. Let a be 2/(-5) - 7/(-5). What is the highest common factor of j and a?
1
Let d be 1*(1 - -1) - 1. Suppose -d = -3*i + 5. Calculate the greatest common divisor of 14 and i.
2
Suppose -3*s + 3*f = -933, -2*f + 5 = 3. Calculate the greatest common divisor of 24 and s.
24
Let l(h) = -h**2 + h + 5. Let u be l(-6). Let m be u/(-7) + (-4)/14. What is the greatest common divisor of 5 and m?
5
Let y(m) = 4*m**2 - 2 - m**2 - 2*m**2 + 4*m. Let f be y(-6). What is the greatest common factor of 110 and f?
10
Suppose -r - 26 = 3*w, -w + 6*w - 4*r + 32 = 0. Let b = -7 - w. Let z be 8/(1/(8/b)). Calculate the greatest common divisor of z and 8.
8
Let y be ((-1)/2)/(2/28). Let d(t) = 6*t + 6. Let x(u) = 11*u + 12. Let o(z) = 5*d(z) - 3*x(z). Let g be o(y). What is the highest common divisor of g and 45?
15
Suppose 2*x + 5 = -7. Let p = 4 - x. Let g = 1 + 1. Calculate the highest common factor of g and p.
2
Let c = -15 + 25. Let y = -4 + c. What is the greatest common divisor of 48 and y?
6
Let a = 22 + 2. Calculate the highest common factor of a and 216.
24
Let x = 32 + -4. What is the greatest common factor of 308 and x?
28
Suppose -5*l = -l. Suppose l = -2*i - 3*i + 100. Let v(t) = -t**3 + 3*t**2 + 4*t - 2. Let h be v(3). What is the greatest common divisor of h and i?
10
Suppose -748 + 2268 = 5*a. Let o = a + -209. Calculate the highest common divisor of 19 and o.
19
Let n(g) = -4*g**3 - 7*g**2 - 4*g - 3. Let o be n(-5). Calculate the highest common divisor of 38 and o.
38
Let c = -135 - -271. Calculate the highest common factor of c and 17.
17
Suppose -27 = -2*l + 3*w, 0*l + 3*l + 3*w - 3 = 0. Calculate the highest common factor of 42 and l.
6
Suppose 0 = -3*y - y. Suppose y*g + 56 = 4*g. Suppose -5*x + 66 + 144 = 0. Calculate the greatest common factor of x and g.
14
Let u(v) = 17*v - 4. Let f be (-12)/(-18)*(-15)/(-2). Suppose 3*x - 20 + f = 0. Let l be u(x). Calculate the highest common factor of 9 and l.
9
Suppose 0 = 2*m - 3*m + 25. Let d = 24 - 19. What is the highest common factor of m and d?
5
Suppose -u = -5*u + 24. Let l = 10 - u. Let o be 8*(-1)/l*-6. What is the greatest common factor of 108 and o?
12
Let b be 1*(0 - (-9 - 1)). Suppose -5*z + 180 = -z. Let d be z/(-6)*8/(-6). Calculate the greatest common divisor of d and b.
10
Let m be (-3)/5 + 1722/70. What is the greatest common factor of m and 56?
8
Suppose 396 = 3*l - 558. Suppose 82 = 5*u - l. Let v = u - 10. Calculate the highest common divisor of 10 and v.
10
Let z be (6/(-15))/(2/(-130)). Calculate the highest common factor of z and 182.
26
Let c be (-5 - -15) + (0 - 4). Calculate the greatest common factor of c and 15.
3
Suppose 5*f + 249 = 4*n + 1729, -3*f = n - 888. Let j = f - 175. Let g = j - 76. What is the highest common factor of 30 and g?
15
Let x = -10 - -14. Let s(o) = 2*o**2 - 3*o - 4. Let c be s(4). What is the highest common divisor of c and x?
4
Suppose -118 = 3*d - 586. Let p be d + 2 - (5 - 7). Calculate the highest common divisor of 32 and p.
32
Let g(d) = d**2 + 13*d - 19. Let r be g(-15). What is the greatest common divisor of r and 88?
11
Suppose 20 = 4*i + 4*a, 5*i - 3*a = -2*a + 19. Suppose -i*z = -23 + 7. Calculate the highest common divisor of 28 and z.
4
Suppose 6*a = a + 30. Let h(d) = d**3. Let c be h(0). Let q = 42 + c. What is the greatest common factor of a and q?
6
Suppose 2*r + r = 9. Suppose -3 = -2*w + r. Calculate the highest common divisor of w and 3.
3
Let a(v) = -10*v - 5. Let j be -1 + -1 + (-15)/5. Let r = -11 - j. Let c be a(r). Calculate the highest common factor of c and 11.
11
Suppose -720 = 7*l - 12*l. Let y = -8 + 24. What is the greatest common factor of y and l?
16
Suppose 5*l - 72 = 4*l. Calculate the highest common factor of 9 and l.
9
Let m(p) = -p**2 - 8*p - 4. Let u be (6 - 5)/(2/(-8)). Let l be m(u). Let y = -41 - -77. Calculate the highest common factor of l and y.
12
Let z be (4 - 5) + (-1)/(-1). Suppose -3*s = -2*k - 15, 3*k - 16 = -s - z*k. Calculate the greatest common divisor of s and 1.
1
Suppose 12 = 5*p - 2*p. Suppose -d + 9 = -0*d. Let f be 0 + 2 + 17 + d. What is the highest common factor of p and f?
4
Let t = -66 - -70. What is the highest common divisor of t and 3?
1
Suppose -362 = -6*v + v + 2*d, -v = 2*d - 70. Calculate the highest common factor of v and 180.
36
Let p = -17 - -18. What is the greatest common divisor of 2 and p?
1
Suppose 198 = s + 2*s. Calculate the greatest common divisor of 44 and s.
22
Let t(k) = k**3 + 2*k**2 - 4*k - 3. Let g be t(-3). Suppose -4*y + 38 + 178 = g. What is the greatest common divisor of y and 6?
6
Suppose l = j + 8, -j = -8*l + 3*l + 56. Calculate the greatest common divisor of 96 and l.
12
Suppose -5*h - 64 = -389. Calculate the highest common divisor of 13 and h.
13
Let z = 125 + -60. Let q(b) = b - 1. Let v(o) = -2*o**2 - 8*o + 8. Let u(r) = -4*q(r) - v(r). Let m be u(-5). What is the highest common divisor of z and m?
13
Suppose 0 = 2*b - 3*b + 8. Let y = 0 - -2. Calculate the highest common divisor of y and b.
2
Let j(p) = 3*p + 3. Let v be j(6). 